{"id":10794,"date":"2025-03-28T11:28:13","date_gmt":"2025-03-28T10:28:13","guid":{"rendered":"https:\/\/odnawialnia.pl\/sklep\/?post_type=product&#038;p=10794"},"modified":"2026-03-25T08:58:57","modified_gmt":"2026-03-25T07:58:57","slug":"indywidualny-kurs-odnawiania-mebli-poziom-podstawowy","status":"publish","type":"product","link":"https:\/\/odnawialnia.pl\/sklep\/produkt\/indywidualny-kurs-odnawiania-mebli-poziom-podstawowy\/","title":{"rendered":"Renowacja ma\u0142ego mebla &#8211; kurs indywidualny 6 lub12 h"},"content":{"rendered":"<h3><b>Co zyskujesz<\/b><\/h3>\n<ul>\n<li style=\"font-weight: 400;\" aria-level=\"1\"><span style=\"font-weight: 400;\">Indywidualn\u0105 opiek\u0119 w trakcie ca\u0142ego kursu, odpowied\u017a na wszystkie nurtuj\u0105ce ci\u0119 pytania zwi\u0105zane z renowacj\u0105<\/span><\/li>\n<li style=\"font-weight: 400;\" aria-level=\"1\"><span style=\"font-weight: 400;\">Brak przestoj\u00f3w, jakie pojawiaj\u0105 si\u0119 na kursach grupowych, szybsze tempo pracy, okazja do pracy nad dwoma meblami lub wybranymi problemami, kt\u00f3rych nie jeste\u015b w stanie sam(a) rozwi\u0105za\u0107<\/span><\/li>\n<li style=\"font-weight: 400;\" aria-level=\"1\"><span style=\"font-weight: 400;\">Na bie\u017c\u0105co kontroluj\u0119 Twoj\u0105 prac\u0119 i razem korygujemy ewentualne b\u0142\u0119dy<\/span><\/li>\n<li style=\"font-weight: 400;\" aria-level=\"1\">Masz dost\u0119p do profesjonalnych elektronarz\u0119dzi w tym marki Festool i szlifujesz wysokiej klasy szlifierk\u0105<\/li>\n<li aria-level=\"1\">Korzystasz z ca\u0142ego arsena\u0142u \u015brodk\u00f3w w postaci narz\u0119dzi r\u0119cznych, chemii, \u015brodk\u00f3w zabezpieczaj\u0105cych i upi\u0119kszaj\u0105cych<\/li>\n<li style=\"font-weight: 400;\" aria-level=\"1\"><span style=\"font-weight: 400;\">Ko\u0144czysz kurs z gotowym meblem i solidn\u0105 wiedz\u0105, jak zabra\u0107 si\u0119 za kolejne<\/span><\/li>\n<li style=\"font-weight: 400;\" aria-level=\"1\"><span style=\"font-weight: 400;\">Je\u017celi czas pozwoli, zajmiemy si\u0119 tak\u017ce praktyk\u0105 przy drugim meblu (fornirowanym lub tapicerowanym &#8211; w zale\u017cno\u015bci co przyniesiesz jako g\u0142\u00f3wny mebel). Drugi mebel zapewniamy na miejscu lub mo\u017cesz przynie\u015b\u0107 w\u0142asny, ale nie uda nam si\u0119 go raczej sko\u0144czy\u0107.<\/span><\/li>\n<\/ul>\n<h3><b>Zasady organizacyjne kursu<\/b><\/h3>\n<ul>\n<li style=\"font-weight: 400;\" aria-level=\"1\"><span style=\"font-weight: 400;\">Mo\u017cna zarezerwowa\u0107 6 lub 12 godzin kursu, kt\u00f3re rozbijamy na 2 lub 3 dni w dogodnych godzinach, w przedziale 9-20 (do ustalenia po z\u0142o\u017ceniu zam\u00f3wienia). <strong>Wybieraj\u0105c wersj\u0119 6h nale\u017cy liczy\u0107 si\u0119 z tym, \u017ce nie zd\u0105\u017cymy zrobi\u0107 ca\u0142ego mebla.<\/strong> Minimalny czas pracy na uko\u0144czenie np. krzes\u0142a to 8-10h. Kluczowe znaczenie ma stan techniczny mebla, konieczno\u015b\u0107 naprawy konstrukcji, klejenia itp.<\/span><\/li>\n<li style=\"font-weight: 400;\" aria-level=\"1\"><span style=\"font-weight: 400;\">Wyd\u0142u\u017cenie czasu trwania powy\u017cej zaplanowany limit godzin &#8211; dop\u0142ata 100 z\u0142 za godzin\u0119<\/span><\/li>\n<li style=\"font-weight: 400;\" aria-level=\"1\"><span style=\"font-weight: 400;\">Gdy blok zaj\u0119\u0107 trwa 6 godzin, planowana jest 30 minutowa przerwa na posi\u0142ek, niewliczana do czasu kursu (mo\u017cna przynie\u015b\u0107 i podgrza\u0107 w mikrofal\u00f3wce)<\/span><\/li>\n<li style=\"font-weight: 400;\" aria-level=\"1\"><span style=\"font-weight: 400;\">Mo\u017cna przyj\u015b\u0107 z osob\u0105 towarzysz\u0105c\u0105 &#8211; dop\u0142ata za udzia\u0142 drugiej osoby &#8211; 200 z\u0142 (p\u0142atne na miejscu)<\/span><\/li>\n<\/ul>\n<p><strong>Cennik<\/strong><\/p>\n<ul>\n<li>kurs indywidualny 6h &#8211; 950 z\u0142<\/li>\n<li>kurs indywidualny 12h &#8211; 1800 z\u0142<\/li>\n<li>dop\u0142ata za drug\u0105 osob\u0119 &#8211; 200 z\u0142 (rozliczane na miejscu)<\/li>\n<li>ka\u017cda kolejna godzina &#8211; dop\u0142ata 100 z\u0142 (rozliczane na miejscu)<\/li>\n<\/ul>\n<p><strong>Terminy &#8211; ustalamy indywidualnie po z\u0142o\u017ceniu zam\u00f3wienia.<\/strong><\/p>\n<h3 style=\"text-align: center;\"><span style=\"color: #800000;\"><b>Program kursu odnawiania mebli<\/b><\/span><\/h3>\n<ol>\n<li><b>Konstrukcja mebli<\/b><\/li>\n<\/ol>\n<ul>\n<li style=\"font-weight: 400;\" aria-level=\"1\"><span style=\"font-weight: 400;\">drewno i fornir &#8211; jak rozr\u00f3\u017cnia\u0107 meble fornirowane, podstawowe gatunki drewna i forniru u\u017cywane w konstrukcji mebla<\/span><\/li>\n<li style=\"font-weight: 400;\" aria-level=\"1\"><span style=\"font-weight: 400;\">analiza stanu technicznego, om\u00f3wienie element\u00f3w do renowacji<\/span><\/li>\n<li style=\"font-weight: 400;\" aria-level=\"1\"><span style=\"font-weight: 400;\">zasady demonta\u017cu: rozbijanie mebli, usuwanie \u015brub i gwo\u017adzi<\/span><\/li>\n<li style=\"font-weight: 400;\" aria-level=\"1\"><span style=\"font-weight: 400;\">dokumentacja techniczna i oznaczanie element\u00f3w<\/span><\/li>\n<\/ul>\n<p><b>2. Techniki oczyszczania mebli<\/b><\/p>\n<ul>\n<li style=\"font-weight: 400;\" aria-level=\"1\"><span style=\"font-weight: 400;\">opalanie<\/span><\/li>\n<li style=\"font-weight: 400;\" aria-level=\"1\"><span style=\"font-weight: 400;\">mycie &#8211; chemia do pow\u0142ok i spirytus<\/span><\/li>\n<li style=\"font-weight: 400;\" aria-level=\"1\"><span style=\"font-weight: 400;\">skrobanie<\/span><\/li>\n<li style=\"font-weight: 400;\" aria-level=\"1\"><span style=\"font-weight: 400;\">szlifowanie<\/span><\/li>\n<\/ul>\n<p><b><i>Praktyka demonta\u017cu i technik oczyszczania na w\u0142asnym meblu<\/i><\/b><\/p>\n<p><b>3. Naprawa ubytk\u00f3w<\/b><\/p>\n<ul>\n<li style=\"font-weight: 400;\" aria-level=\"1\"><span style=\"font-weight: 400;\">rodzaje ubytk\u00f3w i dob\u00f3r technik<\/span><\/li>\n<li style=\"font-weight: 400;\" aria-level=\"1\"><span style=\"font-weight: 400;\">szpachlowanie, \u0142aty, wstawki<\/span><\/li>\n<\/ul>\n<p><em><strong>Praktyka na w\u0142asnym meblu fornirowanym<\/strong><\/em><\/p>\n<p><b>4. Przygotowanie mebla do barwienia i zabezpieczania<\/b><\/p>\n<ul>\n<li style=\"font-weight: 400;\" aria-level=\"1\"><span style=\"font-weight: 400;\">dob\u00f3r gradacji do metody wyko\u0144czenia<\/span><\/li>\n<li style=\"font-weight: 400;\" aria-level=\"1\"><span style=\"font-weight: 400;\">wodowanie drewna<\/span><\/li>\n<li style=\"font-weight: 400;\" aria-level=\"1\"><span style=\"font-weight: 400;\">odt\u0142uszczanie<\/span><\/li>\n<\/ul>\n<p><b>5. Barwienie mebla<\/b><\/p>\n<ul>\n<li style=\"font-weight: 400;\" aria-level=\"1\"><span style=\"font-weight: 400;\">rodzaje bejc<\/span><\/li>\n<li style=\"font-weight: 400;\" aria-level=\"1\"><span style=\"font-weight: 400;\">sposoby aplikacji bejc<\/span><\/li>\n<li style=\"font-weight: 400;\" aria-level=\"1\"><span style=\"font-weight: 400;\">barwienie \u015brodkami zabezpieczaj\u0105cymi<\/span><\/li>\n<\/ul>\n<p><b>6. \u015arodki zabezpieczaj\u0105ce do pow\u0142ok<\/b><\/p>\n<ul>\n<li style=\"font-weight: 400;\" aria-level=\"1\"><span style=\"font-weight: 400;\">lakiery, woski, olejowoski, oleje, politura &#8211; om\u00f3wienie r\u00f3\u017cnic<\/span><\/li>\n<li style=\"font-weight: 400;\" aria-level=\"1\"><span style=\"font-weight: 400;\">techniki i narz\u0119dzia do aplikacji<\/span><\/li>\n<\/ul>\n<p><b><i>Praktyka na w\u0142asnym meblu &#8211; wybrana bejca i \u015brodek zabezpieczaj\u0105cy<\/i><\/b><\/p>\n<p><b>7. Podstawy tapicerowania na przyk\u0142adzie siedziska krzes\u0142a\u00a0<\/b><\/p>\n<ul>\n<li style=\"font-weight: 400;\" aria-level=\"1\"><span style=\"font-weight: 400;\">usuwanie pow\u0142ok i przygotowanie konstrukcji<\/span><\/li>\n<li style=\"font-weight: 400;\" aria-level=\"1\"><span style=\"font-weight: 400;\">pasy i spr\u0119\u017cyny jako podstawowe konstrukcje no\u015bne<\/span><\/li>\n<li style=\"font-weight: 400;\" aria-level=\"1\"><span style=\"font-weight: 400;\">pianki tapicerskie<\/span><\/li>\n<li style=\"font-weight: 400;\" aria-level=\"1\"><span style=\"font-weight: 400;\">narz\u0119dzia tapicerskie &#8211; nauka obs\u0142ugi<\/span><\/li>\n<\/ul>\n<p><b><i>Praktyka na w\u0142asnym meblu &#8211; wymiana tapicerki siedziska krzes\u0142a<\/i><\/b><\/p>\n<p><strong>Wyb\u00f3r wersji 6h kursu obejmuje punkty 1-4 (i by\u0107 mo\u017ce 5), co wynika z kolejno\u015bci prac przy meblu.<\/strong><\/p>\n<p><span style=\"font-weight: 400;\"><strong>Powy\u017cszy program ma charakter orientacyjny, a tempo prac narzuca nam stan mebla i szybko\u015b\u0107 pracy uczestnika. <\/strong><\/span><span style=\"font-weight: 400;\">Je\u017celi czas pozwoli, drugiego dnia b\u0119dziemy praktykowa\u0107 na drugim przyniesionym meblu, skupiaj\u0105c si\u0119 np. na tapicerce, wstawkach z forniru, naprawach konstrukcji. Mo\u017cna przynie\u015b\u0107 drugi w\u0142asny mebel lub skorzysta\u0107 z mebla z pracowni.<\/span><\/p>\n<h3><b>Jak si\u0119 przygotowa\u0107?<\/b><\/h3>\n<p><span style=\"font-weight: 400;\">Na zaj\u0119cia nale\u017cy przynie\u015b\u0107 g\u0142\u00f3wny mebel do wyboru:<\/span><\/p>\n<ul>\n<li><span style=\"font-weight: 400;\">krzes\u0142o z tapicerowanym siedziskiem (lub ze sklejk\u0105 na siedzisku, na kt\u00f3rej mo\u017cemy dorobi\u0107 siedzisko). Je\u017celi krzes\u0142o ma tak\u017ce tapicerowane oparcie, zrobimy je drugiego dnia, o ile czas na to pozwoli.<\/span><\/li>\n<li>ma\u0142y fornirowany mebel typu szafka nocna, stolik, konsolka, stolik rtv,<\/li>\n<\/ul>\n<p><strong>UWAGA. Je\u017celi interesuje ci\u0119 praca z fotelem &#8211; <a href=\"https:\/\/odnawialnia.pl\/sklep\/produkt\/renowacja-fotela-kurs-indywidualny\/\">zobacz dedykowan\u0105 ofert\u0119 spotka\u0144 indywidualnych<\/a>.<\/strong><\/p>\n<p><em>Przyk\u0142adowe krzes\u0142a, kt\u00f3re mo\u017cna przynie\u015b\u0107 na zaj\u0119cia &#8211; stan po i przed renowacj\u0105\u00a0<\/em><\/p>\n<p><img fetchpriority=\"high\" decoding=\"async\" class=\"aligncenter wp-image-10795 size-full\" src=\"https:\/\/odnawialnia.pl\/sklep\/wp-content\/uploads\/2025\/03\/fotele-konsultacje.png\" alt=\"indywidulany kurs renowacji mebli\" width=\"2000\" height=\"700\" srcset=\"https:\/\/odnawialnia.pl\/sklep\/wp-content\/uploads\/2025\/03\/fotele-konsultacje.png 2000w, https:\/\/odnawialnia.pl\/sklep\/wp-content\/uploads\/2025\/03\/fotele-konsultacje-300x105.png 300w, https:\/\/odnawialnia.pl\/sklep\/wp-content\/uploads\/2025\/03\/fotele-konsultacje-1024x358.png 1024w, https:\/\/odnawialnia.pl\/sklep\/wp-content\/uploads\/2025\/03\/fotele-konsultacje-768x269.png 768w, https:\/\/odnawialnia.pl\/sklep\/wp-content\/uploads\/2025\/03\/fotele-konsultacje-1536x538.png 1536w, https:\/\/odnawialnia.pl\/sklep\/wp-content\/uploads\/2025\/03\/fotele-konsultacje-900x315.png 900w\" sizes=\"(max-width: 2000px) 100vw, 2000px\" \/><\/p>\n<p><img decoding=\"async\" class=\"aligncenter wp-image-10796 size-full\" src=\"https:\/\/odnawialnia.pl\/sklep\/wp-content\/uploads\/2025\/03\/fotele-konsultacje-1.png\" alt=\"kurs odnawiania mebli\" width=\"2000\" height=\"700\" srcset=\"https:\/\/odnawialnia.pl\/sklep\/wp-content\/uploads\/2025\/03\/fotele-konsultacje-1.png 2000w, https:\/\/odnawialnia.pl\/sklep\/wp-content\/uploads\/2025\/03\/fotele-konsultacje-1-300x105.png 300w, https:\/\/odnawialnia.pl\/sklep\/wp-content\/uploads\/2025\/03\/fotele-konsultacje-1-1024x358.png 1024w, https:\/\/odnawialnia.pl\/sklep\/wp-content\/uploads\/2025\/03\/fotele-konsultacje-1-768x269.png 768w, https:\/\/odnawialnia.pl\/sklep\/wp-content\/uploads\/2025\/03\/fotele-konsultacje-1-1536x538.png 1536w, https:\/\/odnawialnia.pl\/sklep\/wp-content\/uploads\/2025\/03\/fotele-konsultacje-1-900x315.png 900w\" sizes=\"(max-width: 2000px) 100vw, 2000px\" \/><\/p>\n<p>Meble fornirowane<\/p>\n<p><img decoding=\"async\" class=\"aligncenter wp-image-10798 size-full\" src=\"https:\/\/odnawialnia.pl\/sklep\/wp-content\/uploads\/2025\/03\/fotele-konsultacje-2.png\" alt=\"\" width=\"2000\" height=\"700\" srcset=\"https:\/\/odnawialnia.pl\/sklep\/wp-content\/uploads\/2025\/03\/fotele-konsultacje-2.png 2000w, https:\/\/odnawialnia.pl\/sklep\/wp-content\/uploads\/2025\/03\/fotele-konsultacje-2-300x105.png 300w, https:\/\/odnawialnia.pl\/sklep\/wp-content\/uploads\/2025\/03\/fotele-konsultacje-2-1024x358.png 1024w, https:\/\/odnawialnia.pl\/sklep\/wp-content\/uploads\/2025\/03\/fotele-konsultacje-2-768x269.png 768w, https:\/\/odnawialnia.pl\/sklep\/wp-content\/uploads\/2025\/03\/fotele-konsultacje-2-1536x538.png 1536w, https:\/\/odnawialnia.pl\/sklep\/wp-content\/uploads\/2025\/03\/fotele-konsultacje-2-900x315.png 900w\" sizes=\"(max-width: 2000px) 100vw, 2000px\" \/><\/p>\n","protected":false},"excerpt":{"rendered":"<p><span style=\"font-weight: 400;\">Kurs dla os\u00f3b, kt\u00f3re potrzebuj\u0105 indywidualnego wsparcia lub bardziej rozbudowanej cz\u0119\u015bci teoretycznej. W trakcie 12 godzin przejdziemy wsp\u00f3lnie przez proces renowacji ma\u0142ego mebla, omawiaj\u0105c dok\u0142adnie poszczeg\u00f3lne etapy pracy. Kurs odbywa si\u0119 <strong>tylko w dni robocze<\/strong>. Istnieje mo\u017cliwo\u015b\u0107 zapisania si\u0119 na kurs 6h.<\/span><\/p>\n","protected":false},"featured_media":10797,"comment_status":"open","ping_status":"closed","template":"","meta":{"_ppp_document_settings_meta":"","_kad_post_transparent":"default","_kad_post_title":"","_kad_post_layout":"default","_kad_post_sidebar_id":"","_kad_post_content_style":"default","_kad_post_vertical_padding":"default","_kad_post_feature":"","_kad_post_feature_position":"","_kad_post_header":false,"_kad_post_footer":false},"product_brand":[],"product_cat":[117,22],"product_tag":[],"class_list":{"0":"post-10794","1":"product","2":"type-product","3":"status-publish","4":"has-post-thumbnail","6":"product_cat-szkolenie-indywidualne","7":"product_cat-warsztaty","9":"first","10":"instock","11":"taxable","12":"shipping-taxable","13":"purchasable","14":"product-type-variable","15":"entry","16":"content-bg","17":"loop-entry"},"aioseo_notices":[],"_links":{"self":[{"href":"https:\/\/odnawialnia.pl\/sklep\/wp-json\/wp\/v2\/product\/10794","targetHints":{"allow":["GET"]}}],"collection":[{"href":"https:\/\/odnawialnia.pl\/sklep\/wp-json\/wp\/v2\/product"}],"about":[{"href":"https:\/\/odnawialnia.pl\/sklep\/wp-json\/wp\/v2\/types\/product"}],"replies":[{"embeddable":true,"href":"https:\/\/odnawialnia.pl\/sklep\/wp-json\/wp\/v2\/comments?post=10794"}],"wp:featuredmedia":[{"embeddable":true,"href":"https:\/\/odnawialnia.pl\/sklep\/wp-json\/wp\/v2\/media\/10797"}],"wp:attachment":[{"href":"https:\/\/odnawialnia.pl\/sklep\/wp-json\/wp\/v2\/media?parent=10794"}],"wp:term":[{"taxonomy":"product_brand","embeddable":true,"href":"https:\/\/odnawialnia.pl\/sklep\/wp-json\/wp\/v2\/product_brand?post=10794"},{"taxonomy":"product_cat","embeddable":true,"href":"https:\/\/odnawialnia.pl\/sklep\/wp-json\/wp\/v2\/product_cat?post=10794"},{"taxonomy":"product_tag","embeddable":true,"href":"https:\/\/odnawialnia.pl\/sklep\/wp-json\/wp\/v2\/product_tag?post=10794"}],"curies":[{"name":"wp","href":"https:\/\/api.w.org\/{rel}","templated":true}]}}