{"id":6342,"date":"2023-09-29T14:57:44","date_gmt":"2023-09-29T12:57:44","guid":{"rendered":"https:\/\/odnawialnia.pl\/sklep\/?post_type=product&#038;p=6342"},"modified":"2024-10-25T00:12:47","modified_gmt":"2024-10-24T22:12:47","slug":"ebook-zacznij-odnawiac-meble","status":"publish","type":"product","link":"https:\/\/odnawialnia.pl\/sklep\/produkt\/ebook-zacznij-odnawiac-meble\/","title":{"rendered":"Ebook Zacznij odnawia\u0107 meble \u2013 Zdob\u0105d\u017a podstawy i odmie\u0144 sw\u00f3j mebel"},"content":{"rendered":"<h2><b>Wsparcie dla pocz\u0105tkuj\u0105cych<\/b><\/h2>\n<p><span style=\"font-weight: 400;\">W ebooku znajdziesz om\u00f3wienie 30 najwa\u017cniejszych temat\u00f3w zwi\u0105zanych z odnawianiem mebli. Przejdziemy razem przez ca\u0142y proces &#8211; od doboru narz\u0119dzi, przez oczyszczanie, barwienie, dekorowanie, a\u017c po zabezpieczenie. Osobny rozdzia\u0142 po\u015bwi\u0119cony jest podstawom tapicerowania. <\/span><span style=\"font-weight: 400;\">Od kilku lat prowadz\u0119 warsztaty i towarzysz\u0119 osobom zaczynaj\u0105cym przygod\u0119 z odnawianiem mebli. Znam wszystkie pu\u0142apki i potencjalne problemy, kt\u00f3re mog\u0105 pojawi\u0107 si\u0119 na tym etapie. <\/span><\/p>\n<p><strong>Znajdziesz tu m.in. wyja\u015bnienia:<\/strong><\/p>\n<ul>\n<li style=\"font-weight: 400;\" aria-level=\"1\"><span style=\"font-weight: 400;\">Ten lakier na komodzie prl przypomina skorup\u0119, na kt\u00f3r\u0105 nic nie dzia\u0142a.<\/span><\/li>\n<li style=\"font-weight: 400;\" aria-level=\"1\"><span style=\"font-weight: 400;\">Czy zamaskowa\u0107 te drobne p\u0119kni\u0119cia i ubytki?<\/span><\/li>\n<li style=\"font-weight: 400;\" aria-level=\"1\"><span style=\"font-weight: 400;\">Chc\u0119 mie\u0107 bia\u0142y mebel, ale \u017ceby by\u0142y widoczne s\u0142oje drewna.<\/span><\/li>\n<li style=\"font-weight: 400;\" aria-level=\"1\"><span style=\"font-weight: 400;\">Jak\u0105 szlifierk\u0119 kupi\u0107 na pocz\u0105tek?<\/span><\/li>\n<li style=\"font-weight: 400;\" aria-level=\"1\"><span style=\"font-weight: 400;\">Co wybra\u0107 na wyko\u0144czenie \u2013 lakier, wosk, olej czy olejowosk?<\/span><\/li>\n<li style=\"font-weight: 400;\" aria-level=\"1\"><span style=\"font-weight: 400;\">Czy mo\u017cna u\u017cy\u0107 oleju jadalnego do zabezpieczania mebli?<\/span><\/li>\n<li style=\"font-weight: 400;\" aria-level=\"1\"><span style=\"font-weight: 400;\">Jak zrobi\u0107 idealny wz\u00f3r z szablonu?<\/span><\/li>\n<li style=\"font-weight: 400;\" aria-level=\"1\"><span style=\"font-weight: 400;\">Jak tapetowa\u0107 meble?<\/span><\/li>\n<li style=\"font-weight: 400;\" aria-level=\"1\"><span style=\"font-weight: 400;\">Jak szybko dorobi\u0107 tapicerowane siedzisko na krze\u015ble bez tapicerki?<\/span><\/li>\n<\/ul>\n<p>&nbsp;<\/p>\n<h2><strong>Zobacz szczeg\u00f3\u0142owy spis tre\u015bci<\/strong><\/h2>\n<p><img fetchpriority=\"high\" decoding=\"async\" class=\"alignnone wp-image-6339 size-full\" src=\"https:\/\/odnawialnia.pl\/sklep\/wp-content\/uploads\/2023\/06\/baner-spis-tresci.png\" alt=\"\" width=\"1280\" height=\"720\" srcset=\"https:\/\/odnawialnia.pl\/sklep\/wp-content\/uploads\/2023\/06\/baner-spis-tresci.png 1280w, https:\/\/odnawialnia.pl\/sklep\/wp-content\/uploads\/2023\/06\/baner-spis-tresci-900x506.png 900w, https:\/\/odnawialnia.pl\/sklep\/wp-content\/uploads\/2023\/06\/baner-spis-tresci-300x169.png 300w, https:\/\/odnawialnia.pl\/sklep\/wp-content\/uploads\/2023\/06\/baner-spis-tresci-1024x576.png 1024w, https:\/\/odnawialnia.pl\/sklep\/wp-content\/uploads\/2023\/06\/baner-spis-tresci-768x432.png 768w, https:\/\/odnawialnia.pl\/sklep\/wp-content\/uploads\/2023\/06\/baner-spis-tresci-1140x641.png 1140w\" sizes=\"(max-width: 1280px) 100vw, 1280px\" \/><\/p>\n<p>&nbsp;<\/p>\n<p><span style=\"font-weight: 400;\">To co wyr\u00f3\u017cnia ten ebook, to bardzo przyst\u0119pny j\u0119zyk i konkretne wskaz\u00f3wki. Staram si\u0119 upraszcza\u0107 i dawa\u0107 gotowe rozwi\u0105zania problemu. Podaj\u0119 nazwy konkretnych preparat\u00f3w i narz\u0119dzi, kt\u00f3re sama na co dzie\u0144 stosuj\u0119.\u00a0<\/span><\/p>\n<p><span style=\"font-weight: 400;\">Tekst jest wzbogacony du\u017c\u0105 ilo\u015bci\u0105 zdj\u0119\u0107, tabel, opis\u00f3w krok po kroku. Ca\u0142o\u015b\u0107 zajmuje 100 stron, ale jego lektura nie powinna zaj\u0105\u0107 wi\u0119cej czasu ni\u017c 2 godziny. Mo\u017cesz do niego wraca\u0107 wielokrotnie, gdy napotkasz jaki\u015b nowy problem w procesie renowacji.<\/span><\/p>\n<p>&nbsp;<\/p>\n<p><strong>Zobacz przyk\u0142adowy fragment<\/strong><\/p>\n<p>&nbsp;<\/p>\n<p><img decoding=\"async\" class=\"wp-image-6329 size-large alignleft\" src=\"https:\/\/odnawialnia.pl\/sklep\/wp-content\/uploads\/2023\/06\/31jpg_1-724x1024.jpg\" alt=\"\" width=\"724\" height=\"1024\" srcset=\"https:\/\/odnawialnia.pl\/sklep\/wp-content\/uploads\/2023\/06\/31jpg_1-724x1024.jpg 724w, https:\/\/odnawialnia.pl\/sklep\/wp-content\/uploads\/2023\/06\/31jpg_1-scaled-900x1272.jpg 900w, https:\/\/odnawialnia.pl\/sklep\/wp-content\/uploads\/2023\/06\/31jpg_1-212x300.jpg 212w, https:\/\/odnawialnia.pl\/sklep\/wp-content\/uploads\/2023\/06\/31jpg_1-768x1086.jpg 768w, https:\/\/odnawialnia.pl\/sklep\/wp-content\/uploads\/2023\/06\/31jpg_1-1086x1536.jpg 1086w, https:\/\/odnawialnia.pl\/sklep\/wp-content\/uploads\/2023\/06\/31jpg_1-1448x2048.jpg 1448w, https:\/\/odnawialnia.pl\/sklep\/wp-content\/uploads\/2023\/06\/31jpg_1-1140x1612.jpg 1140w, https:\/\/odnawialnia.pl\/sklep\/wp-content\/uploads\/2023\/06\/31jpg_1-scaled.jpg 1811w\" sizes=\"(max-width: 724px) 100vw, 724px\" \/><img decoding=\"async\" class=\"wp-image-6327 size-large alignleft\" src=\"https:\/\/odnawialnia.pl\/sklep\/wp-content\/uploads\/2023\/06\/56jpg_1-724x1024.jpg\" alt=\"\" width=\"724\" height=\"1024\" srcset=\"https:\/\/odnawialnia.pl\/sklep\/wp-content\/uploads\/2023\/06\/56jpg_1-724x1024.jpg 724w, https:\/\/odnawialnia.pl\/sklep\/wp-content\/uploads\/2023\/06\/56jpg_1-scaled-900x1272.jpg 900w, https:\/\/odnawialnia.pl\/sklep\/wp-content\/uploads\/2023\/06\/56jpg_1-212x300.jpg 212w, https:\/\/odnawialnia.pl\/sklep\/wp-content\/uploads\/2023\/06\/56jpg_1-768x1086.jpg 768w, https:\/\/odnawialnia.pl\/sklep\/wp-content\/uploads\/2023\/06\/56jpg_1-1086x1536.jpg 1086w, https:\/\/odnawialnia.pl\/sklep\/wp-content\/uploads\/2023\/06\/56jpg_1-1448x2048.jpg 1448w, https:\/\/odnawialnia.pl\/sklep\/wp-content\/uploads\/2023\/06\/56jpg_1-1140x1612.jpg 1140w, https:\/\/odnawialnia.pl\/sklep\/wp-content\/uploads\/2023\/06\/56jpg_1-scaled.jpg 1811w\" sizes=\"(max-width: 724px) 100vw, 724px\" \/><img loading=\"lazy\" decoding=\"async\" class=\"alignnone wp-image-6328 size-large\" src=\"https:\/\/odnawialnia.pl\/sklep\/wp-content\/uploads\/2023\/06\/61jpg_1-724x1024.jpg\" alt=\"\" width=\"724\" height=\"1024\" srcset=\"https:\/\/odnawialnia.pl\/sklep\/wp-content\/uploads\/2023\/06\/61jpg_1-724x1024.jpg 724w, https:\/\/odnawialnia.pl\/sklep\/wp-content\/uploads\/2023\/06\/61jpg_1-scaled-900x1272.jpg 900w, https:\/\/odnawialnia.pl\/sklep\/wp-content\/uploads\/2023\/06\/61jpg_1-212x300.jpg 212w, https:\/\/odnawialnia.pl\/sklep\/wp-content\/uploads\/2023\/06\/61jpg_1-768x1086.jpg 768w, https:\/\/odnawialnia.pl\/sklep\/wp-content\/uploads\/2023\/06\/61jpg_1-1086x1536.jpg 1086w, https:\/\/odnawialnia.pl\/sklep\/wp-content\/uploads\/2023\/06\/61jpg_1-1448x2048.jpg 1448w, https:\/\/odnawialnia.pl\/sklep\/wp-content\/uploads\/2023\/06\/61jpg_1-1140x1612.jpg 1140w, https:\/\/odnawialnia.pl\/sklep\/wp-content\/uploads\/2023\/06\/61jpg_1-scaled.jpg 1811w\" sizes=\"(max-width: 724px) 100vw, 724px\" \/><\/p>\n<p>&nbsp;<\/p>\n<h2><b>Drugie wydanie<\/b><\/h2>\n<p>&nbsp;<\/p>\n<p><span style=\"font-weight: 400;\">To drugie wydanie ebooka Zacznij odnawia\u0107 meble. Dopisa\u0142am 40 stron i om\u00f3wi\u0142am nowe problemy. Pojawi\u0142 si\u0119 m.in. nowy rozdzia\u0142 po\u015bwi\u0119cony dekoracji mebli (malowanie, ombre, dekoracje 3D, nanoszenie szablon\u00f3w, tapetowanie) i poszerzona cz\u0119\u015b\u0107 o tapicerowaniu.<\/span><\/p>\n","protected":false},"excerpt":{"rendered":"<p><span style=\"font-weight: 400;\">Zacznij odnawia\u0107 meble! Zdob\u0105d\u017a podstawy i odn\u00f3w sw\u00f3j pierwszy mebel. Idealna pozycja dla os\u00f3b stawiaj\u0105cych pierwsze kroki w odnawianiu mebli. Porz\u0105dkuje wiedz\u0119 i u\u0142atwia szybki start w praktyk\u0119. Wystarczy godzinna lektura, by zacz\u0105\u0107 prac\u0119 przy meblu i unikn\u0105\u0107 przy tym zniszcze\u0144 i frustracji.<\/span><\/p>\n","protected":false},"featured_media":6498,"comment_status":"open","ping_status":"closed","template":"","meta":{"_ppp_document_settings_meta":"","_kad_post_transparent":"default","_kad_post_title":"","_kad_post_layout":"default","_kad_post_sidebar_id":"","_kad_post_content_style":"default","_kad_post_vertical_padding":"default","_kad_post_feature":"","_kad_post_feature_position":"","_kad_post_header":false,"_kad_post_footer":false},"product_brand":[],"product_cat":[38],"product_tag":[],"class_list":{"0":"post-6342","1":"product","2":"type-product","3":"status-publish","4":"has-post-thumbnail","6":"product_cat-ebooki","8":"first","9":"instock","10":"downloadable","11":"virtual","12":"taxable","13":"purchasable","14":"product-type-simple","15":"entry","16":"content-bg","17":"loop-entry"},"aioseo_notices":[],"_links":{"self":[{"href":"https:\/\/odnawialnia.pl\/sklep\/wp-json\/wp\/v2\/product\/6342","targetHints":{"allow":["GET"]}}],"collection":[{"href":"https:\/\/odnawialnia.pl\/sklep\/wp-json\/wp\/v2\/product"}],"about":[{"href":"https:\/\/odnawialnia.pl\/sklep\/wp-json\/wp\/v2\/types\/product"}],"replies":[{"embeddable":true,"href":"https:\/\/odnawialnia.pl\/sklep\/wp-json\/wp\/v2\/comments?post=6342"}],"wp:featuredmedia":[{"embeddable":true,"href":"https:\/\/odnawialnia.pl\/sklep\/wp-json\/wp\/v2\/media\/6498"}],"wp:attachment":[{"href":"https:\/\/odnawialnia.pl\/sklep\/wp-json\/wp\/v2\/media?parent=6342"}],"wp:term":[{"taxonomy":"product_brand","embeddable":true,"href":"https:\/\/odnawialnia.pl\/sklep\/wp-json\/wp\/v2\/product_brand?post=6342"},{"taxonomy":"product_cat","embeddable":true,"href":"https:\/\/odnawialnia.pl\/sklep\/wp-json\/wp\/v2\/product_cat?post=6342"},{"taxonomy":"product_tag","embeddable":true,"href":"https:\/\/odnawialnia.pl\/sklep\/wp-json\/wp\/v2\/product_tag?post=6342"}],"curies":[{"name":"wp","href":"https:\/\/api.w.org\/{rel}","templated":true}]}}