{"id":6935,"date":"2023-08-31T14:29:39","date_gmt":"2023-08-31T12:29:39","guid":{"rendered":"https:\/\/odnawialnia.pl\/sklep\/?post_type=product&#038;p=6935"},"modified":"2025-10-10T00:00:23","modified_gmt":"2025-10-09T22:00:23","slug":"ebook-zacznij-tapicerowac-filmy-instruktazowe","status":"publish","type":"product","link":"https:\/\/odnawialnia.pl\/sklep\/produkt\/ebook-zacznij-tapicerowac-filmy-instruktazowe\/","title":{"rendered":"Ebook &#8211; Zacznij tapicerowa\u0107 + filmy instrukta\u017cowe"},"content":{"rendered":"<p><span style=\"font-weight: 400;\">By\u0107 mo\u017ce marzysz o nauce tapicerowania ale z r\u00f3\u017cnych wzgl\u0119d\u00f3w nie mo\u017cesz przyjecha\u0107 na warsztaty stacjonarne. Dlatego z pomoc\u0105 przychodzi ten ebook. To wynik moich do\u015bwiadcze\u0144 z prowadzenia warsztat\u00f3w renowacji mebli tapicerowanych. Przez pracowni\u0119 Odnawialni przewin\u0119\u0142o si\u0119 ju\u017c ponad 300 kursant\u00f3w, wi\u0119c wiem, kt\u00f3re etapy tapicerowania s\u0105 najtrudniejsze dla os\u00f3b pocz\u0105tkuj\u0105cych.\u00a0<\/span><\/p>\n<p>&nbsp;<\/p>\n<p><b>Co znajdziesz w ebooku<\/b><\/p>\n<ul>\n<li><span style=\"font-weight: 400;\">Pierwszym etapem tapicerskiej przygody jest <\/span><b>nauka tapicerowania krzese\u0142, puf, \u0142aweczek czy taboret\u00f3w. <\/b><span style=\"font-weight: 400;\">Na nich skupimy si\u0119 w tym ebooku, jednak zdobyte podstawy s\u0105 kluczowym fundamentem do bardziej ambitnych projekt\u00f3w jak fotele.<\/span><\/li>\n<li>Poprowadz\u0119 ci\u0119 krok po kroku przez <b>wszystkie etapy tapicerowania<\/b>. Zaczynamy od podstaw konstrukcyjnych, budowania warstw tapicerskich z r\u00f3\u017cnych materia\u0142\u00f3w, poprzez techniki tapicerowania a\u017c po nauk\u0119 szycia.<\/li>\n<\/ul>\n<p>&nbsp;<\/p>\n<p><strong>Zobacz spis tre\u015bci<\/strong><\/p>\n<ul>\n<li><b>Naro\u017cniki siedzisk &#8211; <span style=\"font-weight: 400;\">Jak uk\u0142ada\u0107 tkanin\u0119 na naro\u017cnikach, \u017ceby by\u0142a dobrze naci\u0105gni\u0119ta i bez zmarszczek?<\/span><\/b><\/li>\n<li><b>Warstwy tapicerskie &#8211; <span style=\"font-weight: 400;\">Co i w jakiej kolejno\u015bci uk\u0142ada\u0107 na krze\u015ble, zanim doczepisz tkanin\u0119, co wyrzuci\u0107 a co zostawi\u0107 ze starych warstw?<\/span><\/b><\/li>\n<li><b>Wi\u0105zanie spr\u0119\u017cyn &#8211; <span style=\"font-weight: 400;\">Co zrobi\u0107 ze starymi spr\u0119\u017cynami w krze\u015ble, jak je ustabilizowa\u0107, \u017ceby w przysz\u0142o\u015bci si\u0119 nie poluzowa\u0142y?<\/span><\/b><\/li>\n<li><b>Szycie pokrowca &#8211; <span style=\"font-weight: 400;\">Czy da si\u0119 uszy\u0107 pokrowiec z kedr\u0105 na maszynie domowej? Jak po\u0142\u0105czy\u0107 ko\u0144ce kedry?<\/span><\/b><\/li>\n<li><b>Dorabianie siedziska &#8211; <span style=\"font-weight: 400;\">Czy mo\u017cna dorobi\u0107 siedzisko do krzes\u0142a nietapicerowanego i jak to zamontowa\u0107 na krze\u015ble?<\/span><\/b><\/li>\n<li><b><b>Ci\u0119cie i klejenie pianki &#8211; <\/b><\/b>Jak ci\u0105\u0107 piank\u0119, \u017ceby boki nie by\u0142y postrz\u0119pione? Jak formowa\u0107 piank\u0119 za pomoc\u0105 no\u017ca i kleju?<\/li>\n<\/ul>\n<p>&nbsp;<\/p>\n<p><b>Ebook + filmy instrukta\u017cowe<\/b><\/p>\n<p>W tej wersji ebook jest uzupe\u0142niony o filmy instrukta\u017cowe w postaci kr\u00f3tkich wideo. To 19 poradnik\u00f3w, gdzie pokazuj\u0119 krok po kroku jak wykona\u0107 wybrane tapicerskie techniki.<\/p>\n<p><b>Zobacz spis wideo<\/b><\/p>\n<ol>\n<li style=\"font-weight: 400;\" aria-level=\"1\"><span style=\"font-weight: 400;\">Techniki demonta\u017cu\u00a0<\/span><\/li>\n<li style=\"font-weight: 400;\" aria-level=\"1\"><span style=\"font-weight: 400;\">Naci\u0105ganie pas\u00f3w nieelastycznych<\/span><\/li>\n<li style=\"font-weight: 400;\" aria-level=\"1\"><span style=\"font-weight: 400;\">Doszywanie spr\u0119\u017cyn<\/span><\/li>\n<li style=\"font-weight: 400;\" aria-level=\"1\"><span style=\"font-weight: 400;\">Wi\u0105zanie spr\u0119\u017cyn<\/span><\/li>\n<li style=\"font-weight: 400;\" aria-level=\"1\"><span style=\"font-weight: 400;\">Ci\u0119cie pianki tapicerskiej<\/span><\/li>\n<li style=\"font-weight: 400;\" aria-level=\"1\"><span style=\"font-weight: 400;\">Klejenie pianki tapicerskiej<\/span><\/li>\n<li style=\"font-weight: 400;\" aria-level=\"1\"><span style=\"font-weight: 400;\">Formowanie wypuk\u0142ego siedziska<\/span><\/li>\n<li style=\"font-weight: 400;\" aria-level=\"1\"><span style=\"font-weight: 400;\">Formowanie kraw\u0119dzi poprzez klejenie pianki<\/span><\/li>\n<li style=\"font-weight: 400;\" aria-level=\"1\"><span style=\"font-weight: 400;\">Monta\u017c owaty<\/span><\/li>\n<li style=\"font-weight: 400;\" aria-level=\"1\"><span style=\"font-weight: 400;\">Monta\u017c tkaniny na siedzisku zaoblonym<\/span><\/li>\n<li style=\"font-weight: 400;\" aria-level=\"1\"><span style=\"font-weight: 400;\">Monta\u017c naro\u017cnika w kszta\u0142cie koperty<\/span><\/li>\n<li style=\"font-weight: 400;\" aria-level=\"1\"><span style=\"font-weight: 400;\">Szycie oparcia \u015bciegiem krytym<\/span><\/li>\n<li style=\"font-weight: 400;\" aria-level=\"1\"><span style=\"font-weight: 400;\">Gdy kedra jest za kr\u00f3tka &#8211; \u0142\u0105czenie dw\u00f3ch kawa\u0142k\u00f3w<\/span><\/li>\n<li style=\"font-weight: 400;\" aria-level=\"1\"><span style=\"font-weight: 400;\">Stopki do szycia kedry<\/span><\/li>\n<li style=\"font-weight: 400;\" aria-level=\"1\"><span style=\"font-weight: 400;\">Szycie kedry do siedziska<\/span><\/li>\n<li style=\"font-weight: 400;\" aria-level=\"1\"><span style=\"font-weight: 400;\">Estetyczne zamkni\u0119cie kedry<\/span><\/li>\n<li style=\"font-weight: 400;\" aria-level=\"1\"><span style=\"font-weight: 400;\">Doszywanie i zamykanie bodna<\/span><\/li>\n<li style=\"font-weight: 400;\" aria-level=\"1\"><span style=\"font-weight: 400;\">Maskowanie zszywek tasiemk\u0105 bawe\u0142nian\u0105<\/span><\/li>\n<li style=\"font-weight: 400;\" aria-level=\"1\"><span style=\"font-weight: 400;\">Wykr\u00f3j na siedzisko krzes\u0142a serduszko<\/span><\/li>\n<\/ol>\n","protected":false},"excerpt":{"rendered":"<p><span style=\"font-weight: 400;\">Ebook + filmy instrukta\u017cowe to po\u0142\u0105czenie przyst\u0119pnie napisanych porad, zdj\u0119\u0107 i film\u00f3w wideo, dzi\u0119ki kt\u00f3rym wiele tapicerskich zagadek stanie si\u0119 prostych! Idealny zestaw do samodzielnej nauki w domu. <\/span><\/p>\n","protected":false},"featured_media":6926,"comment_status":"open","ping_status":"closed","template":"","meta":{"_ppp_document_settings_meta":"","_kad_post_transparent":"default","_kad_post_title":"","_kad_post_layout":"default","_kad_post_sidebar_id":"","_kad_post_content_style":"default","_kad_post_vertical_padding":"default","_kad_post_feature":"","_kad_post_feature_position":"","_kad_post_header":false,"_kad_post_footer":false},"product_brand":[],"product_cat":[38],"product_tag":[],"class_list":{"0":"post-6935","1":"product","2":"type-product","3":"status-publish","4":"has-post-thumbnail","6":"product_cat-ebooki","8":"first","9":"instock","10":"downloadable","11":"virtual","12":"taxable","13":"purchasable","14":"product-type-simple","15":"entry","16":"content-bg","17":"loop-entry"},"aioseo_notices":[],"_links":{"self":[{"href":"https:\/\/odnawialnia.pl\/sklep\/wp-json\/wp\/v2\/product\/6935","targetHints":{"allow":["GET"]}}],"collection":[{"href":"https:\/\/odnawialnia.pl\/sklep\/wp-json\/wp\/v2\/product"}],"about":[{"href":"https:\/\/odnawialnia.pl\/sklep\/wp-json\/wp\/v2\/types\/product"}],"replies":[{"embeddable":true,"href":"https:\/\/odnawialnia.pl\/sklep\/wp-json\/wp\/v2\/comments?post=6935"}],"wp:featuredmedia":[{"embeddable":true,"href":"https:\/\/odnawialnia.pl\/sklep\/wp-json\/wp\/v2\/media\/6926"}],"wp:attachment":[{"href":"https:\/\/odnawialnia.pl\/sklep\/wp-json\/wp\/v2\/media?parent=6935"}],"wp:term":[{"taxonomy":"product_brand","embeddable":true,"href":"https:\/\/odnawialnia.pl\/sklep\/wp-json\/wp\/v2\/product_brand?post=6935"},{"taxonomy":"product_cat","embeddable":true,"href":"https:\/\/odnawialnia.pl\/sklep\/wp-json\/wp\/v2\/product_cat?post=6935"},{"taxonomy":"product_tag","embeddable":true,"href":"https:\/\/odnawialnia.pl\/sklep\/wp-json\/wp\/v2\/product_tag?post=6935"}],"curies":[{"name":"wp","href":"https:\/\/api.w.org\/{rel}","templated":true}]}}