{"id":7215,"date":"2023-11-13T12:41:00","date_gmt":"2023-11-13T11:41:00","guid":{"rendered":"https:\/\/odnawialnia.pl\/sklep\/?post_type=product&#038;p=7215"},"modified":"2026-03-09T21:30:22","modified_gmt":"2026-03-09T20:30:22","slug":"cyklina-box-trzy-cykliny-narzedzia-do-ostrzenia-kurs-o-ostrzeniu-cyklin","status":"publish","type":"product","link":"https:\/\/odnawialnia.pl\/sklep\/produkt\/cyklina-box-trzy-cykliny-narzedzia-do-ostrzenia-kurs-o-ostrzeniu-cyklin\/","title":{"rendered":"CYKLINA BOX: trzy cykliny + narz\u0119dzia do ostrzenia + wideo"},"content":{"rendered":"<p>Czy da si\u0119 skutecznie przeprowadzi\u0107 proces renowacji mebli bez cyklin? By\u0107 mo\u017ce tak, ale b\u0119dzie to bardzo utrudnione, bo to w\u0142a\u015bnie te ma\u0142e sprytne metalowe kszta\u0142tki pozwalaj\u0105 zeskroba\u0107 resztki farby lub lakieru, dotrze\u0107 w trudnodost\u0119pne miejsca lub doczy\u015bci\u0107 miejscowe plamy.<\/p>\n<p>Cyklina BOX to gotowy zestaw do cyklinowania mebli. Maj\u0105c go pod r\u0119k\u0105 od razu mo\u017cesz zacz\u0105\u0107 pracowa\u0107 nad krzes\u0142em czy stela\u017cem fotela. Box sk\u0142ada si\u0119 z trzech element\u00f3w:<\/p>\n<p style=\"text-align: center;\">CYKLINY + NARZ\u0118DZIA DO OSTRZENIA + KURS WIDEO O OSTRZENIU CYKLIN<\/p>\n<p>W pude\u0142ku znajdziesz <strong>trzy najwa\u017cniejsze cykliny<\/strong>:<\/p>\n<ul>\n<li>\u0142ab\u0119dzia szyja &#8211; dobra na pocz\u0105tek, poniewa\u017c nie trzeba jej wygina\u0107 w r\u0119kach<\/li>\n<li>prostok\u0105tna &#8211; klasyczna cyklina, kt\u00f3ra szczeg\u00f3lnie dobrze sprawdza si\u0119 na ob\u0142ych powierzchniach<\/li>\n<li>wkl\u0119s\u0142o-wypuk\u0142a &#8211; strona wkl\u0119s\u0142a &#8211; dzi\u0119ki wystaj\u0105cym naro\u017cnikom &#8211; dobrze sprawdzi si\u0119 w miejscach trudnodost\u0119pnych<\/li>\n<\/ul>\n<p><strong>Szybkie ostrzenie cyklin<\/strong> &#8211; w tej roli najlepiej sprawdzi si\u0119 ostrza\u0142ka diamentowa, pilnik do metalu i stalka:<\/p>\n<ul>\n<li>ostrza\u0142ka diamentowa dwustronna o gradacji 600 i 1000<\/li>\n<li>pilnik do metalu niezb\u0119dny do usuwania starego zadziora i wyg\u0142adzania kraw\u0119dzi<\/li>\n<li>stalka do robienia zadziora<\/li>\n<\/ul>\n<p><strong>Ostrzenie cyklin<\/strong> &#8211; ca\u0142y proces jest pokazany w nagraniach wideo. Dost\u0119p do kursu otrzymasz po zakupie boxu. Wystarczy wpisa\u0107 has\u0142o na dedykowanej stronie, bez potrzeby logowania si\u0119 do panelu klienta. Opr\u00f3cz instrukcji wideo w pude\u0142ku znajdziesz skr\u00f3cony opis krok po kroku, jak stosowa\u0107 narz\u0119dzia do ostrzenia i kt\u00f3r\u0105 cyklin\u0119 do czego stosowa\u0107.<\/p>\n<h3><strong>Pakiet z ebookiem &#8220;Zacznij odnawia\u0107 meble&#8221;<\/strong><\/h3>\n<p>Idealna pozycja dla os\u00f3b stawiaj\u0105cych pierwsze kroki w odnawianiu mebli. Porz\u0105dkuje wiedz\u0119 i u\u0142atwia szybki start w praktyk\u0119. Wystarczy godzinna lektura, by zacz\u0105\u0107 prac\u0119 przy meblu i unikn\u0105\u0107 przy tym zniszcze\u0144 i frustracji.<\/p>\n<p>W ebooku znajdziesz om\u00f3wienie 30 najwa\u017cniejszych temat\u00f3w zwi\u0105zanych z odnawianiem mebli. Przejdziemy razem przez ca\u0142y proces \u2013 od doboru narz\u0119dzi, przez oczyszczanie, barwienie, dekorowanie, a\u017c po zabezpieczenie. Osobny rozdzia\u0142 po\u015bwi\u0119cony jest podstawom tapicerowania.\u00a0Od kilku lat prowadz\u0119 warsztaty i towarzysz\u0119 osobom zaczynaj\u0105cym przygod\u0119 z odnawianiem mebli. Znam wszystkie pu\u0142apki i potencjalne problemy, kt\u00f3re mog\u0105 pojawi\u0107 si\u0119 na tym etapie.<\/p>\n<p><strong>Znajdziesz tu m.in. wyja\u015bnienia:<\/strong><\/p>\n<ul>\n<li aria-level=\"1\">Ten lakier na komodzie prl przypomina skorup\u0119, na kt\u00f3r\u0105 nic nie dzia\u0142a.<\/li>\n<li aria-level=\"1\">Czy zamaskowa\u0107 te drobne p\u0119kni\u0119cia i ubytki?<\/li>\n<li aria-level=\"1\">Chc\u0119 mie\u0107 bia\u0142y mebel, ale \u017ceby by\u0142y widoczne s\u0142oje drewna.<\/li>\n<li aria-level=\"1\">Jak\u0105 szlifierk\u0119 kupi\u0107 na pocz\u0105tek?<\/li>\n<li aria-level=\"1\">Co wybra\u0107 na wyko\u0144czenie \u2013 lakier, wosk, olej czy olejowosk?<\/li>\n<li aria-level=\"1\">Czy mo\u017cna u\u017cy\u0107 oleju jadalnego do zabezpieczania mebli?<\/li>\n<li aria-level=\"1\">Jak zrobi\u0107 idealny wz\u00f3r z szablonu?<\/li>\n<li aria-level=\"1\">Jak tapetowa\u0107 meble?<\/li>\n<li aria-level=\"1\">Jak szybko dorobi\u0107 tapicerowane siedzisko na krze\u015ble bez tapicerki?<\/li>\n<\/ul>\n","protected":false},"excerpt":{"rendered":"<div class=\"woocommerce-product-details__short-description\">\n<p>Autorski zestaw narz\u0119dzi do cyklinowania mebli i ostrzenia cyklin, a do tego dost\u0119p do wideo instrukcji na temat ich ostrzenia. Idealne pude\u0142ko na prezent dla fana lub fanki renowacji mebli.<\/p>\n<\/div>\n","protected":false},"featured_media":7853,"comment_status":"open","ping_status":"closed","template":"","meta":{"_ppp_document_settings_meta":"","_kad_post_transparent":"default","_kad_post_title":"","_kad_post_layout":"default","_kad_post_sidebar_id":"","_kad_post_content_style":"default","_kad_post_vertical_padding":"default","_kad_post_feature":"","_kad_post_feature_position":"","_kad_post_header":false,"_kad_post_footer":false},"product_brand":[],"product_cat":[74,23,81],"product_tag":[],"class_list":{"0":"post-7215","1":"product","2":"type-product","3":"status-publish","4":"has-post-thumbnail","6":"product_cat-cykliny-i-skrobaki","7":"product_cat-narzedzia","8":"product_cat-zestawy-prezentowe","10":"first","11":"instock","12":"taxable","13":"shipping-taxable","14":"purchasable","15":"product-type-variable","16":"entry","17":"content-bg","18":"loop-entry"},"aioseo_notices":[],"_links":{"self":[{"href":"https:\/\/odnawialnia.pl\/sklep\/wp-json\/wp\/v2\/product\/7215","targetHints":{"allow":["GET"]}}],"collection":[{"href":"https:\/\/odnawialnia.pl\/sklep\/wp-json\/wp\/v2\/product"}],"about":[{"href":"https:\/\/odnawialnia.pl\/sklep\/wp-json\/wp\/v2\/types\/product"}],"replies":[{"embeddable":true,"href":"https:\/\/odnawialnia.pl\/sklep\/wp-json\/wp\/v2\/comments?post=7215"}],"wp:featuredmedia":[{"embeddable":true,"href":"https:\/\/odnawialnia.pl\/sklep\/wp-json\/wp\/v2\/media\/7853"}],"wp:attachment":[{"href":"https:\/\/odnawialnia.pl\/sklep\/wp-json\/wp\/v2\/media?parent=7215"}],"wp:term":[{"taxonomy":"product_brand","embeddable":true,"href":"https:\/\/odnawialnia.pl\/sklep\/wp-json\/wp\/v2\/product_brand?post=7215"},{"taxonomy":"product_cat","embeddable":true,"href":"https:\/\/odnawialnia.pl\/sklep\/wp-json\/wp\/v2\/product_cat?post=7215"},{"taxonomy":"product_tag","embeddable":true,"href":"https:\/\/odnawialnia.pl\/sklep\/wp-json\/wp\/v2\/product_tag?post=7215"}],"curies":[{"name":"wp","href":"https:\/\/api.w.org\/{rel}","templated":true}]}}