{"id":7323,"date":"2023-11-23T08:21:17","date_gmt":"2023-11-23T07:21:17","guid":{"rendered":"https:\/\/odnawialnia.pl\/sklep\/?post_type=product&#038;p=7323"},"modified":"2025-03-26T13:59:11","modified_gmt":"2025-03-26T12:59:11","slug":"ksiazka-teraz-polski-dizajn","status":"publish","type":"product","link":"https:\/\/odnawialnia.pl\/sklep\/produkt\/ksiazka-teraz-polski-dizajn\/","title":{"rendered":"Ksi\u0105\u017cka &#8220;teraz polski dizajn&#8221;"},"content":{"rendered":"<p><span style=\"font-weight: 400;\">Ksi\u0105\u017cka Aleksandry Koperdy wyr\u00f3\u017cnia si\u0119 na p\u00f3\u0142kach swoj\u0105 \u015bliczn\u0105 ok\u0142adkow\u0105 facjat\u0105 i jeszcze \u0142adniejszym \u015brodkiem. I m\u00f3wi\u0119 tu nie tylko o wizualnym zaprezentowaniu tre\u015bci lecz tak\u017ce o zawarto\u015bci.\u00a0<\/span><\/p>\n<p><span style=\"font-weight: 400;\">Koncepcja opiera si\u0119 na prezentacji wsp\u00f3\u0142czesnych polskich projektant\u00f3w w dziedzinie mebli i ceramiki. Sylwetk\u0119 projektanta poznajemy poprzez wywiad i bogaty materia\u0142 zdj\u0119ciowy jego prac. Poznajemy bli\u017cej m.in.: Krystiana Kowalskiego, Aleksandra Kuczm\u0119, Malwin\u0119 Konopack\u0105, Magd\u0119 Jurek.<\/span><\/p>\n<p><span style=\"font-weight: 400;\">Takie wywiady to nie tylko kopalnia wiedzy o technikach pracy, ale te\u017c o inspiracjach, sposobie projektowego my\u015blenia, \u015bcie\u017ckach rozwoju. Lektura obowi\u0105zkowa dla ka\u017cdego, kto lubi projektowa\u0107, wymy\u015bla\u0107, zmienia\u0107. <\/span><span style=\"font-weight: 400;\">Wywiady s\u0105 przemieszane z kr\u00f3tkimi rozdzia\u0142ami o historii polskiego wzornictwa. Stare i nowe, taki eklektyzm polskiego dizajnu. Jest wi\u0119c o Warsztatach Krakowskich, o \u0141adzie, o Instytucie Wzornictwa Przemys\u0142owego, fabryce z \u0106mielowa.\u00a0 <\/span><span style=\"font-weight: 400;\">Pojawiaj\u0105 si\u0119 tak\u017ce fragmenty\u00a0 o czo\u0142owych polskich projektantach lat powojennych jak Kuczma, Homa, R\u00f3\u017ca\u0144ski.<\/span><\/p>\n","protected":false},"excerpt":{"rendered":"<p>Ksi\u0105\u017cka o polskim dizajne i jego korzeniach w powojennej Polsce. Poznajemy znanych polskich projektant\u00f3w, kt\u00f3rych prace dzi\u015b podbijaj\u0105 wystawy, zdobywaj\u0105 nagrody, ale te\u017c trafiaj\u0105 do naszych dom\u00f3w. To sztuka u\u017cytkowa: meble i ceramika, ubrana w niebanalne formy i kolory. Pozycja obowi\u0105zkowa dla ka\u017cdego fana pi\u0119knych przedmiot\u00f3w i wn\u0119trz.<\/p>\n","protected":false},"featured_media":7324,"comment_status":"open","ping_status":"closed","template":"","meta":{"_ppp_document_settings_meta":"","_kad_post_transparent":"default","_kad_post_title":"","_kad_post_layout":"default","_kad_post_sidebar_id":"","_kad_post_content_style":"default","_kad_post_vertical_padding":"default","_kad_post_feature":"","_kad_post_feature_position":"","_kad_post_header":false,"_kad_post_footer":false},"product_brand":[],"product_cat":[31],"product_tag":[89,88,58,87],"class_list":{"0":"post-7323","1":"product","2":"type-product","3":"status-publish","4":"has-post-thumbnail","6":"product_cat-ksiazka","7":"product_tag-ksiazka-meble","8":"product_tag-ksiazka-polski-design","9":"product_tag-odnawialnia","10":"product_tag-poslkidesign","12":"first","13":"outofstock","14":"taxable","15":"shipping-taxable","16":"purchasable","17":"product-type-simple","18":"entry","19":"content-bg","20":"loop-entry"},"aioseo_notices":[],"_links":{"self":[{"href":"https:\/\/odnawialnia.pl\/sklep\/wp-json\/wp\/v2\/product\/7323","targetHints":{"allow":["GET"]}}],"collection":[{"href":"https:\/\/odnawialnia.pl\/sklep\/wp-json\/wp\/v2\/product"}],"about":[{"href":"https:\/\/odnawialnia.pl\/sklep\/wp-json\/wp\/v2\/types\/product"}],"replies":[{"embeddable":true,"href":"https:\/\/odnawialnia.pl\/sklep\/wp-json\/wp\/v2\/comments?post=7323"}],"wp:featuredmedia":[{"embeddable":true,"href":"https:\/\/odnawialnia.pl\/sklep\/wp-json\/wp\/v2\/media\/7324"}],"wp:attachment":[{"href":"https:\/\/odnawialnia.pl\/sklep\/wp-json\/wp\/v2\/media?parent=7323"}],"wp:term":[{"taxonomy":"product_brand","embeddable":true,"href":"https:\/\/odnawialnia.pl\/sklep\/wp-json\/wp\/v2\/product_brand?post=7323"},{"taxonomy":"product_cat","embeddable":true,"href":"https:\/\/odnawialnia.pl\/sklep\/wp-json\/wp\/v2\/product_cat?post=7323"},{"taxonomy":"product_tag","embeddable":true,"href":"https:\/\/odnawialnia.pl\/sklep\/wp-json\/wp\/v2\/product_tag?post=7323"}],"curies":[{"name":"wp","href":"https:\/\/api.w.org\/{rel}","templated":true}]}}

Książka &#8220;teraz polski dizajn&#8221;

<p><span style="font-weight: 400;">Książka Aleksandry Koperdy wyróżnia się na półkach swoją śliczną okładkową facjatą i jeszcze ładniejszym środkiem. I mówię tu nie tylko o wizualnym zaprezentowaniu treści lecz także o zawartości. </span></p>
<p><span style="font-weight: 400;">Koncepcja opiera się na prezentacji współczesnych polskich projektantów w dziedzinie mebli i ceramiki. Sylwetkę projektanta poznajemy poprzez wywiad i bogaty materiał zdjęciowy jego prac. Poznajemy bliżej m.in.: Krystiana Kowalskiego, Aleksandra Kuczmę, Malwinę Konopacką, Magdę Jurek.</span></p>
<p><span style="font-weight: 400;">Takie wywiady to nie tylko kopalnia wiedzy o technikach pracy, ale też o inspiracjach, sposobie projektowego myślenia, ścieżkach rozwoju. Lektura obowiązkowa dla każdego, kto lubi projektować, wymyślać, zmieniać. </span><span style="font-weight: 400;">Wywiady są przemieszane z krótkimi rozdziałami o historii polskiego wzornictwa. Stare i nowe, taki eklektyzm polskiego dizajnu. Jest więc o Warsztatach Krakowskich, o Ładzie, o Instytucie Wzornictwa Przemysłowego, fabryce z Ćmielowa.  </span><span style="font-weight: 400;">Pojawiają się także fragmenty  o czołowych polskich projektantach lat powojennych jak Kuczma, Homa, Różański.</span></p>

<p>Książka o polskim dizajne i jego korzeniach w powojennej Polsce. Poznajemy znanych polskich projektantów, których prace dziś podbijają wystawy, zdobywają nagrody, ale też trafiają do naszych domów. To sztuka użytkowa: meble i ceramika, ubrana w niebanalne formy i kolory. Pozycja obowiązkowa dla każdego fana pięknych przedmiotów i wnętrz.</p>
